{"id":1184,"date":"2023-03-31T18:21:24","date_gmt":"2023-03-31T16:21:24","guid":{"rendered":"https:\/\/www.terenna-doprava.sk\/?post_type=product&#038;p=1184"},"modified":"2023-03-31T18:21:33","modified_gmt":"2023-03-31T16:21:33","slug":"redukcia-brzdovej-rurky-z-m12x1-na-m10x125","status":"publish","type":"product","link":"https:\/\/www.terenna-doprava.sk\/?product=redukcia-brzdovej-rurky-z-m12x1-na-m10x125","title":{"rendered":"Redukcia brzdovej r\u00farky z M12x1 na M10x1,25"},"content":{"rendered":"<p>T\u00e1to redukcia je pou\u017eit\u00e1 pri brzdov\u00fdch val\u010dekoch priemeru menej ako 32mm. Brzdov\u00fa r\u00farku je potrebn\u00e9 ukon\u010di\u0165 nie &#8222;ku\u017ee\u013eom&#8220; ale &#8222;hr\u00edbikom&#8220;. Nie je to diel z RF.<\/p>\n","protected":false},"excerpt":{"rendered":"<p>T\u00e1to redukcia je pou\u017eit\u00e1 pri brzdov\u00fdch val\u010dekoch priemeru menej ako 32mm. Brzdov\u00fa r\u00farku je potrebn\u00e9 ukon\u010di\u0165 nie &#8222;ku\u017ee\u013eom&#8220; ale &#8222;hr\u00edbikom&#8220;. Nie je to diel z RF.<\/p>\n","protected":false},"featured_media":1185,"comment_status":"closed","ping_status":"closed","template":"","meta":[],"product_brand":[],"product_cat":[30],"product_tag":[],"class_list":{"0":"post-1184","1":"product","2":"type-product","3":"status-publish","4":"has-post-thumbnail","6":"product_cat-brzdy","9":"first","10":"instock","11":"shipping-taxable","12":"purchasable","13":"product-type-simple"},"_links":{"self":[{"href":"https:\/\/www.terenna-doprava.sk\/index.php?rest_route=\/wp\/v2\/product\/1184","targetHints":{"allow":["GET"]}}],"collection":[{"href":"https:\/\/www.terenna-doprava.sk\/index.php?rest_route=\/wp\/v2\/product"}],"about":[{"href":"https:\/\/www.terenna-doprava.sk\/index.php?rest_route=\/wp\/v2\/types\/product"}],"replies":[{"embeddable":true,"href":"https:\/\/www.terenna-doprava.sk\/index.php?rest_route=%2Fwp%2Fv2%2Fcomments&post=1184"}],"wp:featuredmedia":[{"embeddable":true,"href":"https:\/\/www.terenna-doprava.sk\/index.php?rest_route=\/wp\/v2\/media\/1185"}],"wp:attachment":[{"href":"https:\/\/www.terenna-doprava.sk\/index.php?rest_route=%2Fwp%2Fv2%2Fmedia&parent=1184"}],"wp:term":[{"taxonomy":"product_brand","embeddable":true,"href":"https:\/\/www.terenna-doprava.sk\/index.php?rest_route=%2Fwp%2Fv2%2Fproduct_brand&post=1184"},{"taxonomy":"product_cat","embeddable":true,"href":"https:\/\/www.terenna-doprava.sk\/index.php?rest_route=%2Fwp%2Fv2%2Fproduct_cat&post=1184"},{"taxonomy":"product_tag","embeddable":true,"href":"https:\/\/www.terenna-doprava.sk\/index.php?rest_route=%2Fwp%2Fv2%2Fproduct_tag&post=1184"}],"curies":[{"name":"wp","href":"https:\/\/api.w.org\/{rel}","templated":true}]}}