{"id":1265,"date":"2025-10-29T21:56:56","date_gmt":"2025-10-29T19:56:56","guid":{"rendered":"https:\/\/www.terenna-doprava.sk\/?post_type=product&#038;p=1265"},"modified":"2025-10-29T21:56:56","modified_gmt":"2025-10-29T19:56:56","slug":"bezkontaktny-rozdelovac-v24-alternativne-uaz452-469","status":"publish","type":"product","link":"https:\/\/www.terenna-doprava.sk\/?product=bezkontaktny-rozdelovac-v24-alternativne-uaz452-469","title":{"rendered":"Bezkontaktn\u00fd rozde\u013eova\u010d V24, alternat\u00edvne UAZ452\/469"},"content":{"rendered":"<p>Ur\u010den\u00fd k bezkontaktn\u00e9mu zapa\u013eovaniu a induk\u010dnej cievke B115.<\/p>\n","protected":false},"excerpt":{"rendered":"<p>Ur\u010den\u00fd k bezkontaktn\u00e9mu zapa\u013eovaniu a induk\u010dnej cievke B115.<\/p>\n","protected":false},"featured_media":1266,"comment_status":"closed","ping_status":"closed","template":"","meta":[],"product_brand":[],"product_cat":[31],"product_tag":[],"class_list":{"0":"post-1265","1":"product","2":"type-product","3":"status-publish","4":"has-post-thumbnail","6":"product_cat-elektricke_vybavenie","9":"first","10":"instock","11":"shipping-taxable","12":"purchasable","13":"product-type-simple"},"_links":{"self":[{"href":"https:\/\/www.terenna-doprava.sk\/index.php?rest_route=\/wp\/v2\/product\/1265","targetHints":{"allow":["GET"]}}],"collection":[{"href":"https:\/\/www.terenna-doprava.sk\/index.php?rest_route=\/wp\/v2\/product"}],"about":[{"href":"https:\/\/www.terenna-doprava.sk\/index.php?rest_route=\/wp\/v2\/types\/product"}],"replies":[{"embeddable":true,"href":"https:\/\/www.terenna-doprava.sk\/index.php?rest_route=%2Fwp%2Fv2%2Fcomments&post=1265"}],"wp:featuredmedia":[{"embeddable":true,"href":"https:\/\/www.terenna-doprava.sk\/index.php?rest_route=\/wp\/v2\/media\/1266"}],"wp:attachment":[{"href":"https:\/\/www.terenna-doprava.sk\/index.php?rest_route=%2Fwp%2Fv2%2Fmedia&parent=1265"}],"wp:term":[{"taxonomy":"product_brand","embeddable":true,"href":"https:\/\/www.terenna-doprava.sk\/index.php?rest_route=%2Fwp%2Fv2%2Fproduct_brand&post=1265"},{"taxonomy":"product_cat","embeddable":true,"href":"https:\/\/www.terenna-doprava.sk\/index.php?rest_route=%2Fwp%2Fv2%2Fproduct_cat&post=1265"},{"taxonomy":"product_tag","embeddable":true,"href":"https:\/\/www.terenna-doprava.sk\/index.php?rest_route=%2Fwp%2Fv2%2Fproduct_tag&post=1265"}],"curies":[{"name":"wp","href":"https:\/\/api.w.org\/{rel}","templated":true}]}}