{"id":458,"date":"2016-03-03T11:12:46","date_gmt":"2016-03-03T09:12:46","guid":{"rendered":"http:\/\/nova.terenna-doprava.sk\/?post_type=product&#038;p=458"},"modified":"2016-03-03T11:12:46","modified_gmt":"2016-03-03T09:12:46","slug":"tlmic-plynokvapalinovy-prednyzadny-uaz-452","status":"publish","type":"product","link":"https:\/\/www.terenna-doprava.sk\/?product=tlmic-plynokvapalinovy-prednyzadny-uaz-452","title":{"rendered":"Tlmi\u010d plynokvapalinov\u00fd predn\u00fd\/zadn\u00fd UAZ 452"},"content":{"rendered":"<p>Priemer doln\u00e9ho a horn\u00e9ho oka 15mm, vzdialenos\u0165 \u00f4k 350\/550 mm.<\/p>\n<p>Postup pred mont\u00e1\u017eou:<\/p>\n<p>1. prevr\u00e1ti\u0165 tlmi\u010d vrchnou \u010das\u0165ou dole (bez s\u0165ahovacej p\u00e1sky) na dobu cca 5sec<\/p>\n<p>2. pomaly stla\u010di\u0165 tlmi\u010d, podr\u017ea\u0165 stla\u010den\u00fd cca 5sec<\/p>\n<p>3. udr\u017eiavaj\u00fac tlmi\u010d stla\u010den\u00fd obr\u00e1ti\u0165 ho do pracovnej polohy, po\u010dka\u0165 cca 5sec a potom ho pridr\u017eiavaj\u00fac rukou necha\u0165 vyjs\u0165 do hornej polohy.<\/p>\n","protected":false},"excerpt":{"rendered":"<p>Priemer doln\u00e9ho a horn\u00e9ho oka 15mm, vzdialenos\u0165 \u00f4k 350\/550 mm. Postup pred mont\u00e1\u017eou: 1. prevr\u00e1ti\u0165 tlmi\u010d vrchnou \u010das\u0165ou dole (bez s\u0165ahovacej p\u00e1sky) na dobu cca 5sec 2. pomaly stla\u010di\u0165 tlmi\u010d, podr\u017ea\u0165 stla\u010den\u00fd cca 5sec 3. udr\u017eiavaj\u00fac tlmi\u010d stla\u010den\u00fd obr\u00e1ti\u0165 ho do pracovnej polohy, po\u010dka\u0165 cca 5sec a potom ho pridr\u017eiavaj\u00fac rukou necha\u0165 vyjs\u0165 do hornej &hellip; <a href=\"https:\/\/www.terenna-doprava.sk\/?product=tlmic-plynokvapalinovy-prednyzadny-uaz-452\" class=\"more-link\">Pokra\u010dova\u0165 na <span class=\"screen-reader-text\">Tlmi\u010d plynokvapalinov\u00fd predn\u00fd\/zadn\u00fd UAZ 452<\/span> <span class=\"meta-nav\">&rarr;<\/span><\/a><\/p>\n","protected":false},"featured_media":459,"comment_status":"closed","ping_status":"closed","template":"","meta":[],"product_brand":[],"product_cat":[27],"product_tag":[],"class_list":{"0":"post-458","1":"product","2":"type-product","3":"status-publish","4":"has-post-thumbnail","6":"product_cat-zavesenie_kolies","9":"first","10":"instock","11":"shipping-taxable","12":"purchasable","13":"product-type-simple"},"_links":{"self":[{"href":"https:\/\/www.terenna-doprava.sk\/index.php?rest_route=\/wp\/v2\/product\/458","targetHints":{"allow":["GET"]}}],"collection":[{"href":"https:\/\/www.terenna-doprava.sk\/index.php?rest_route=\/wp\/v2\/product"}],"about":[{"href":"https:\/\/www.terenna-doprava.sk\/index.php?rest_route=\/wp\/v2\/types\/product"}],"replies":[{"embeddable":true,"href":"https:\/\/www.terenna-doprava.sk\/index.php?rest_route=%2Fwp%2Fv2%2Fcomments&post=458"}],"wp:featuredmedia":[{"embeddable":true,"href":"https:\/\/www.terenna-doprava.sk\/index.php?rest_route=\/wp\/v2\/media\/459"}],"wp:attachment":[{"href":"https:\/\/www.terenna-doprava.sk\/index.php?rest_route=%2Fwp%2Fv2%2Fmedia&parent=458"}],"wp:term":[{"taxonomy":"product_brand","embeddable":true,"href":"https:\/\/www.terenna-doprava.sk\/index.php?rest_route=%2Fwp%2Fv2%2Fproduct_brand&post=458"},{"taxonomy":"product_cat","embeddable":true,"href":"https:\/\/www.terenna-doprava.sk\/index.php?rest_route=%2Fwp%2Fv2%2Fproduct_cat&post=458"},{"taxonomy":"product_tag","embeddable":true,"href":"https:\/\/www.terenna-doprava.sk\/index.php?rest_route=%2Fwp%2Fv2%2Fproduct_tag&post=458"}],"curies":[{"name":"wp","href":"https:\/\/api.w.org\/{rel}","templated":true}]}}