{"id":470,"date":"2016-03-03T11:32:45","date_gmt":"2016-03-03T09:32:45","guid":{"rendered":"http:\/\/nova.terenna-doprava.sk\/?post_type=product&#038;p=470"},"modified":"2016-03-03T11:32:45","modified_gmt":"2016-03-03T09:32:45","slug":"uaz-469-hojdacka-pera-2-capy","status":"publish","type":"product","link":"https:\/\/www.terenna-doprava.sk\/?product=uaz-469-hojdacka-pera-2-capy","title":{"rendered":"UAZ 469 hojda\u010dka pera + 2 \u010dapy"},"content":{"rendered":"<p>Hojda\u010dku resp. \u010dap je mo\u017en\u00e9 zak\u00fapi\u0165 aj zvl\u00e1\u0161\u0165, rozmery s\u00fa uveden\u00e9 pri jednotliv\u00fdch s\u00fa\u010diastkach.<\/p>\n","protected":false},"excerpt":{"rendered":"<p>Hojda\u010dku resp. \u010dap je mo\u017en\u00e9 zak\u00fapi\u0165 aj zvl\u00e1\u0161\u0165, rozmery s\u00fa uveden\u00e9 pri jednotliv\u00fdch s\u00fa\u010diastkach.<\/p>\n","protected":false},"featured_media":471,"comment_status":"closed","ping_status":"closed","template":"","meta":[],"product_brand":[],"product_cat":[27],"product_tag":[],"class_list":{"0":"post-470","1":"product","2":"type-product","3":"status-publish","4":"has-post-thumbnail","6":"product_cat-zavesenie_kolies","9":"first","10":"instock","11":"shipping-taxable","12":"purchasable","13":"product-type-simple"},"_links":{"self":[{"href":"https:\/\/www.terenna-doprava.sk\/index.php?rest_route=\/wp\/v2\/product\/470","targetHints":{"allow":["GET"]}}],"collection":[{"href":"https:\/\/www.terenna-doprava.sk\/index.php?rest_route=\/wp\/v2\/product"}],"about":[{"href":"https:\/\/www.terenna-doprava.sk\/index.php?rest_route=\/wp\/v2\/types\/product"}],"replies":[{"embeddable":true,"href":"https:\/\/www.terenna-doprava.sk\/index.php?rest_route=%2Fwp%2Fv2%2Fcomments&post=470"}],"wp:featuredmedia":[{"embeddable":true,"href":"https:\/\/www.terenna-doprava.sk\/index.php?rest_route=\/wp\/v2\/media\/471"}],"wp:attachment":[{"href":"https:\/\/www.terenna-doprava.sk\/index.php?rest_route=%2Fwp%2Fv2%2Fmedia&parent=470"}],"wp:term":[{"taxonomy":"product_brand","embeddable":true,"href":"https:\/\/www.terenna-doprava.sk\/index.php?rest_route=%2Fwp%2Fv2%2Fproduct_brand&post=470"},{"taxonomy":"product_cat","embeddable":true,"href":"https:\/\/www.terenna-doprava.sk\/index.php?rest_route=%2Fwp%2Fv2%2Fproduct_cat&post=470"},{"taxonomy":"product_tag","embeddable":true,"href":"https:\/\/www.terenna-doprava.sk\/index.php?rest_route=%2Fwp%2Fv2%2Fproduct_tag&post=470"}],"curies":[{"name":"wp","href":"https:\/\/api.w.org\/{rel}","templated":true}]}}