{"id":485,"date":"2016-03-03T12:01:52","date_gmt":"2016-03-03T10:01:52","guid":{"rendered":"http:\/\/nova.terenna-doprava.sk\/?post_type=product&#038;p=485"},"modified":"2022-10-29T10:03:15","modified_gmt":"2022-10-29T08:03:15","slug":"brzdova-kvapalina-syntol-cervena-05l","status":"publish","type":"product","link":"https:\/\/www.terenna-doprava.sk\/?product=brzdova-kvapalina-syntol-cervena-05l","title":{"rendered":"Brzdov\u00e1 kvapalina SYNTOL \u010derven\u00e1 &#8211; 0,5L"},"content":{"rendered":"<p>T\u00e1to brzdov\u00e1 kvapalina je vyroben\u00e1 na b\u00e1ze ric\u00ednov\u00e9ho oleja. Olej ma\u017ee a konzervuje brzdov\u00fd syst\u00e9m &#8211; kovov\u00e9 aj gumen\u00e9 \u010dasti. Oproti \u0161tandardn\u00fdm brzdov\u00fdm kvapalin\u00e1m aj ove\u013ea menej pohlcuje vlhkos\u0165. V\u010faka t\u00fdmto vlastnostiam je ve\u013emi vhodn\u00e1 na pou\u017eitie v star\u00fdch automobiloch kde\u00a0brzdov\u00fd syst\u00e9m naplnen\u00fd touto kvapalinou vydr\u017e\u00ed skoro &#8222;do\u017eivotne&#8220;. Jedinou nev\u00fdhodou je n\u00edzky bod varu (nameran\u00e9 156\u00b0C v novom origin\u00e1lnom balen\u00ed), \u010do\u00a0u veter\u00e1nov a ani u &#8222;pracuj\u00facich veter\u00e1nov&#8220; nie je na z\u00e1vadu.<\/p>\n<p>Cel\u00e1 \u0161pecifik\u00e1cia je na str\u00e1nke v\u00fdrobcu VELVANA. Pod\u013ea \u00fadajov v\u00fdrobcu a pod\u013ea sprostredkovan\u00fdch sk\u00fasenost\u00ed je mo\u017en\u00e1 v\u00fdmena akejko\u013evek brzdovej kvapaliny za SYNTOL \u010derven\u00fd. Je ale potrebn\u00e9 prepl\u00e1chnu\u0165 syst\u00e9m denaturovan\u00fdm liehom a vysu\u0161i\u0165 stla\u010den\u00fdm vzduchom. A\u017e potom nalia\u0165 SYNTOL \u010derven\u00fd.<\/p>\n","protected":false},"excerpt":{"rendered":"<p>T\u00e1to brzdov\u00e1 kvapalina je vyroben\u00e1 na b\u00e1ze ric\u00ednov\u00e9ho oleja. Olej ma\u017ee a konzervuje brzdov\u00fd syst\u00e9m &#8211; kovov\u00e9 aj gumen\u00e9 \u010dasti. Oproti \u0161tandardn\u00fdm brzdov\u00fdm kvapalin\u00e1m aj ove\u013ea menej pohlcuje vlhkos\u0165. V\u010faka t\u00fdmto vlastnostiam je ve\u013emi vhodn\u00e1 na pou\u017eitie v star\u00fdch automobiloch kde\u00a0brzdov\u00fd syst\u00e9m naplnen\u00fd touto kvapalinou vydr\u017e\u00ed skoro &#8222;do\u017eivotne&#8220;. Jedinou nev\u00fdhodou je n\u00edzky bod varu (nameran\u00e9 &hellip; <a href=\"https:\/\/www.terenna-doprava.sk\/?product=brzdova-kvapalina-syntol-cervena-05l\" class=\"more-link\">Pokra\u010dova\u0165 na <span class=\"screen-reader-text\">Brzdov\u00e1 kvapalina SYNTOL \u010derven\u00e1 &#8211; 0,5L<\/span> <span class=\"meta-nav\">&rarr;<\/span><\/a><\/p>\n","protected":false},"featured_media":486,"comment_status":"closed","ping_status":"closed","template":"","meta":[],"product_brand":[],"product_cat":[30],"product_tag":[],"class_list":{"0":"post-485","1":"product","2":"type-product","3":"status-publish","4":"has-post-thumbnail","6":"product_cat-brzdy","9":"first","10":"instock","11":"shipping-taxable","12":"purchasable","13":"product-type-simple"},"_links":{"self":[{"href":"https:\/\/www.terenna-doprava.sk\/index.php?rest_route=\/wp\/v2\/product\/485","targetHints":{"allow":["GET"]}}],"collection":[{"href":"https:\/\/www.terenna-doprava.sk\/index.php?rest_route=\/wp\/v2\/product"}],"about":[{"href":"https:\/\/www.terenna-doprava.sk\/index.php?rest_route=\/wp\/v2\/types\/product"}],"replies":[{"embeddable":true,"href":"https:\/\/www.terenna-doprava.sk\/index.php?rest_route=%2Fwp%2Fv2%2Fcomments&post=485"}],"wp:featuredmedia":[{"embeddable":true,"href":"https:\/\/www.terenna-doprava.sk\/index.php?rest_route=\/wp\/v2\/media\/486"}],"wp:attachment":[{"href":"https:\/\/www.terenna-doprava.sk\/index.php?rest_route=%2Fwp%2Fv2%2Fmedia&parent=485"}],"wp:term":[{"taxonomy":"product_brand","embeddable":true,"href":"https:\/\/www.terenna-doprava.sk\/index.php?rest_route=%2Fwp%2Fv2%2Fproduct_brand&post=485"},{"taxonomy":"product_cat","embeddable":true,"href":"https:\/\/www.terenna-doprava.sk\/index.php?rest_route=%2Fwp%2Fv2%2Fproduct_cat&post=485"},{"taxonomy":"product_tag","embeddable":true,"href":"https:\/\/www.terenna-doprava.sk\/index.php?rest_route=%2Fwp%2Fv2%2Fproduct_tag&post=485"}],"curies":[{"name":"wp","href":"https:\/\/api.w.org\/{rel}","templated":true}]}}