{"id":858,"date":"2017-03-02T22:23:37","date_gmt":"2017-03-02T20:23:37","guid":{"rendered":"http:\/\/www.terenna-doprava.sk\/?post_type=product&#038;p=858"},"modified":"2024-03-22T09:44:19","modified_gmt":"2024-03-22T07:44:19","slug":"poloos-pevnostna-g69uaz452469-predna-dlha-lava","status":"publish","type":"product","link":"https:\/\/www.terenna-doprava.sk\/?product=poloos-pevnostna-g69uaz452469-predna-dlha-lava","title":{"rendered":"Poloos pevnostn\u00e1 G69\/UAZ452,469 predn\u00e1 dlh\u00e1 (\u013eav\u00e1)"},"content":{"rendered":"<p>Jedn\u00e1 sa o novov\u00fdrobu, syst\u00e9m homokinetick\u00e9ho k\u013abu s viacer\u00fdmi guli\u010dkami podobne ako u poloos\u00ed modern\u00fdch \u00e1ut.<\/p>\n","protected":false},"excerpt":{"rendered":"<p>Jedn\u00e1 sa o novov\u00fdrobu, syst\u00e9m homokinetick\u00e9ho k\u013abu s viacer\u00fdmi guli\u010dkami podobne ako u poloos\u00ed modern\u00fdch \u00e1ut.<\/p>\n","protected":false},"featured_media":859,"comment_status":"closed","ping_status":"closed","template":"","meta":[],"product_brand":[],"product_cat":[24],"product_tag":[],"class_list":{"0":"post-858","1":"product","2":"type-product","3":"status-publish","4":"has-post-thumbnail","6":"product_cat-naprava_predna","9":"first","10":"instock","11":"shipping-taxable","12":"purchasable","13":"product-type-simple"},"_links":{"self":[{"href":"https:\/\/www.terenna-doprava.sk\/index.php?rest_route=\/wp\/v2\/product\/858","targetHints":{"allow":["GET"]}}],"collection":[{"href":"https:\/\/www.terenna-doprava.sk\/index.php?rest_route=\/wp\/v2\/product"}],"about":[{"href":"https:\/\/www.terenna-doprava.sk\/index.php?rest_route=\/wp\/v2\/types\/product"}],"replies":[{"embeddable":true,"href":"https:\/\/www.terenna-doprava.sk\/index.php?rest_route=%2Fwp%2Fv2%2Fcomments&post=858"}],"wp:featuredmedia":[{"embeddable":true,"href":"https:\/\/www.terenna-doprava.sk\/index.php?rest_route=\/wp\/v2\/media\/859"}],"wp:attachment":[{"href":"https:\/\/www.terenna-doprava.sk\/index.php?rest_route=%2Fwp%2Fv2%2Fmedia&parent=858"}],"wp:term":[{"taxonomy":"product_brand","embeddable":true,"href":"https:\/\/www.terenna-doprava.sk\/index.php?rest_route=%2Fwp%2Fv2%2Fproduct_brand&post=858"},{"taxonomy":"product_cat","embeddable":true,"href":"https:\/\/www.terenna-doprava.sk\/index.php?rest_route=%2Fwp%2Fv2%2Fproduct_cat&post=858"},{"taxonomy":"product_tag","embeddable":true,"href":"https:\/\/www.terenna-doprava.sk\/index.php?rest_route=%2Fwp%2Fv2%2Fproduct_tag&post=858"}],"curies":[{"name":"wp","href":"https:\/\/api.w.org\/{rel}","templated":true}]}}